- (1 - (-1 + -3))?
-15
What is the value of (-2 + 0 - -5) + (-28 - (7 - 21))?
-11
What is (1 - -30) + (-174 - -167)?
24
Evaluate (4 - -3) + -21 - (16 - 28).
-2
(15 - (2 - -27)) + 5 + -1
-10
Evaluate -23 - (-68 + 76 - ((7 - -1) + 1)).
-22
What is the value of (-2 + 2 - -15) + -11?
4
Calculate -12 - (0 - -10 - 3) - 2.
-21
What is the value of 109 + -87 + -1 + 1?
22
What is the value of 8 + (-15 - -1 - (-29 - 1))?
24
What is the value of (3 + -2 + 6 + -5 - -5) + 0?
7
Evaluate -2 - 2 - (1 - 8) - -8.
11
Calculate (-18 - -6) + (11 - (-12 + 8)).
3
What is the value of (1 + -8 - -12) + -9 + -4?
-8
What is the value of -3 + 10 + (0 - (14 + 6))?
-13
Evaluate 0 - (2 - 3 - 6) - (-8 - -21).
-6
-8 + (3 - 3) + (-2 - -2) + -2
-10
What is the value of 0 + 1 - (0 - (-12 + 10))?
-1
13 - 9 - 12 - (-10 + -2)
4
What is the value of 7 - ((-3 + 9 - -2) + -2)?
1
-7 + (4 - (8 + -9)) + -4 + -11
-17
-43 - 13 - -37 - (-2 - 51)
34
What is the value of (8 - 2) + -3 - (-1 + -7 - -4)?
7
What is the value of (4 - 16) + (15 - (7 - -5))?
-9
Evaluate (11 - 29 - -20) + (-10 - -2).
-6
What is the value of 7 + (-2 - -3) - (129 + -127)?
6
Evaluate (-2 - (-5 + -9)) + -20 - (1 + -2).
-7
Evaluate -26 + 2 + 0 + (58 + -64 - -8).
-22
76 + -43 + -4 + 4 + -8
25
What is 5 + (20 - (2 + -5)) - (239 - 227)?
16
What is (2 - -14) + -50 + 14 + -1?
-21
Calculate -13 - (-26 + 31 + -21).
3
Calculate 34 + -41 - (5 - 1).
-11
What is the value of -9 - (-8 + (1 - -6)) - (-8 - 23)?
23
What is 17 + -14 + 0 - (1 + 13)?
-11
Calculate -10 - (2 - 5) - (-4 + 5 - -2).
-10
Calculate -2 + (17 - (2 + 5)) + 0.
8
What is 25 + (14 - (2 - -41))?
-4
What is (-1 - -16 - 17) + -8?
-10
28 + -11 + -2 + 8
23
(-9 - (3 + -7 + 4) - -4) + 9
4
Calculate (-11 - (-5 + (-2 - 2))) + 8.
6
What is the value of 2 + -18 + 89 + -71?
2
What is (4 - 30) + 19 - -18?
11
Calculate (0 - 4) + (10 - (2 - -10)) - 24.
-30
What is the value of 10 - (52 - (-15 - (10 - 37)))?
-30
(56 + -13 - 24) + -14
5
What is 6 + -1 + 6 + -8?
3
Calculate (-25 - -9) + 20 - (-9 - -2).
11
What is 204 + -189 - (16 + 2)?
-3
Calculate -13 + 16 + (18 - 28) + (-1 - 0).
-8
Calculate 2 + (-30 - (7 - 23)).
-12
What is the value of (-4 - (-1 - -5)) + 32 - (-2 + 9)?
17
Evaluate 3 + (10 - 1) + -5.
7
What is the value of -34 - (-28 + -25 - -34)?
-15
What is (-1 - 0) + -20 - (-12 + 2 + 5)?
-16
Evaluate 13 - (-11 - (-22 - -13)).
15
What is 17 + -71 - (-21 + -4)?
-29
What is the value of -18 + (0 + (-1 - (-11 - -19)) - -9)?
-18
Evaluate -5 + (-1 + -21 - -10) - -7.
-10
Evaluate 97 + -102 - (-10 - (-4 + -2)).
-1
Evaluate (19 + -9 - 13) + (5 - -2) - -3.
7
Evaluate 1 + 1 + (-28 - (14 + -22)) + -9.
-27
What is 11 - (14 + 5 + -4)?
-4
What is the value of 1 + (-6 - -5) + 4?
4
Calculate 9 - 3 - (-3 - 2 - -8) - 13.
-10
What is the value of 18 + (0 + 3 - (1 - 0))?
20
(3 - -11) + 5 + -7
12
Evaluate -6 + -12 + (-150 - -147).
-21
What is the value of 8 + (9 - (1 + (3 - -17) + 10))?
-14
97 + -104 - (-26 + -4)
23
Evaluate (88 - 132) + 5 + 4 + 7.
-28
Evaluate 2 + -13 - -5 - (-6 - (-2 - 13)).
-15
(-16 - -27) + -10 + (-1 - 4)
-4
Calculate 27 + -5 + -2 + 12 + -1.
31
Calculate (1 + -1 - 8) + 96 + -25 + -72.
-9
Evaluate -3 + -44 + (-72 - -90).
-29
What is -4 - -30 - (-42 + 81)?
-13
What is 2 + 18 + -21 + 10?
9
What is the value of 55 + -59 - (-1 - (1 + 1)) - 5?
-6
Calculate 29 + -25 + (6 - 1) - (-9 + 25).
-7
Evaluate (4 - (-15 + 23)) + 2.
-2
Calculate 12 + (-1 - 11) + (4 - 10).
-6
Calculate 29 + (-5 - (11 + -5 - 12)) + 0.
30
Calculate -4 + 2 + (-13 - -6).
-9
What is 4 + -1 - (-14 - -6 - -15)?
-4
Calculate -574 - -553 - (1 - -1).
-23
What is the value of 1 + (-8 - -7) - 10 - 4?
-14
What is (54 - 13 - 46) + 4?
-1
Calculate -1 + (4 - 9) - (37 - 41).
-2
What is the value of -19 + (9 - (5 - -5)) + (3 - 6)?
-23
Calculate (-4 - (1 + 0)) + -33 + (108 - 55).
15
What is the value of -61 + 70 + (-2 - -1)?
8
Evaluate (85 - 92) + (3 - 3 - -4).
-3
What is the value of -10 + (9 - (-8 + 12)) + (6 - -2)?
3
What is 5 - (0 + -7 + 7) - -7?
12
Calculate (0 - (-10 - -7) - 29) + 11 + -3.
-18
-2 + (8 - 7) + -8 + 9 + 0
0
Evaluate 26 + (-13 - (-18 + 9 + 4)).
18
What is the value of (-2 - (3 + -1)) + (4 - 7) - 0?
-7
Evaluate -9 + (14 - 20) - -7.
-8
What is the value of -11 + (10 - (22 - 13))?
-10
21 - (-5 + -1 - 1 - (72 - 82))
18
What is (3 - -8) + -4 + 12 + -4?
15
Calculate (5 - (1 + -1)) + -8 + 22 + -13.
6
What is 0 - (1 + 2 + -5) - (-73 - -79)?
-4
(-13 - (-2 - 3)) + 1 + -6 + 26
13
Evaluate -4 + (1 + 10 - (75 + -96)).
28
Calculate 27 + -27 + (-5 - 23) + 1.
-27
Calculate (-26 - 1) + (320 - 305).
-12
Evaluate -6 - 2 - (-9 - -6) - -4.
-1
What is the value of (-23 - -19 - (2 - 4)) + 2 - -4?
4
Calculate -4 - (5 + 2 - (106 + -80)).
15
Evaluate 11 + -5 + -11 + -7 + (6 - 14).
-20
What is 5 - (25 + 10) - 9?
-39
13 - ((-10 - -12) + 11)
0
47 + -95 + (2 - -11)
-35
(-18 - -2) + 41 - 19
6
What is the value of (-1 - 12) + (-47 - (-64 + 34))?
-30
What is the value of -21 - (-10 + -1 + -1) - -5?
-4
What is the value of (4 - -6) + 0 + -2 + -2 + -11?
-5
Evaluate 19 + (-2 - (17 + -2)).
2
Calculate 1 + (-6 - -2 - -8) - -3 - -5.
13
What is -10 + -13 + -6 + 53?
24
Evaluate 9 + (2 + 1 - -7 - (-138 - -174)).
-17
What is the value of 0 - 19 - (-15 + 0 + 16)?
-20
What is -16 - -12 - (-1 - (-6 + 13))?
4
Calculate -4 + 11 + -4 + (-6 - (9 - 18)).
6
Evaluate 35 + 51 + -45 + (-2 - -1) - -2.
42
Calculate -32 - (-76 + 39) - 33.
-28
Calculate -84 - -103 - (5 - 0).
14
What is 1 + 12 + -17 + -5?
-9
Calculate 22 + -3 - -4 - ((24 - 27) + 7).
19
Calculate (-16 + 2 - 10) + 10.
-14
(-6 + 7 - 6 - -1) + -7
-11
Calculate 3 - -33 - ((-20 - 9) + 43).
22
What is 10 - (15 + (4 - 16) + 1)?
6
What is 22 - (-14 + 3) - 39?
-6
Evaluate -18 + (9 - 5) - (60 - 69).
-5
What is the value of (9 - 24) + -5 - -19 - -1?
0
Evaluate 5 + (-22 - ((-60 - -63) + (5 - 0))).
-25
What is the value of 5 - ((4 - 7) + -23) - (37 - 31)?
25
Calculate 5 + 11 + -11 + -24.
-19
Calculate -7 - (27 - 6 - 11).
-17
Calculate 14 + (3 - 16) + 2 + 1 - 8.
-4
What is the value of 3 - (7 - 16) - (-2 + 1 + 0)?
13
Calculate 4 + (-8 + 7 + 12 - 6) - -8.
17
Evaluate (-4 - 0 - -25) + (20 - 29).
12
What is 11 + (15 - (5 + 18))?
3
What is -18 + 0 + -16 + 10 + -17 + 27?
-14
What is (55 - 68) + 13 + 1 - (1 - 5)?
5
What is the value of 200 - 231 - (-22 + -1)?
-8
Calculate 2 + 2 + (-2 - -5) + -7 + -1.
-1
(1 + -1 - 11) + (680 - 673)
-4
Calculate 8 - (33 + -17 + 4).
-12
(1 - (4 - (-4 - -6))) + -1
-2
What is the value of (7 - 0) + (-42 - -79) + -36?
8
What is 315 - 308 - (1 + 0 + -5)?
11
Calculate -3 + -4 + (72 - 17) + -57.
-9
-12 + -1 + -174 + 192
5
Evaluate 14 + 0 - (21 - -4).
-11
Calculate 2 - (2 - (5 + (5 - (5 + -5)))).
10
Calculate 3 - ((12 + -18 - -3) + 0 + 10).
-4
Calculate -10 + (-17 - (-4 - 13)).
-10
What is -2 - -8 - (-5 + (6 - 6) + 8)?
3
Calculate -10 + (24 - (8 - (2 - (1 + 4)))).
3
What is the value of (4 - 7 - 0 - -14) + -3?
8
-54 - (29 - (26 - -34))
-23
7 + 5 + -16 - (-15 - -2)
9
Evaluate 0 + 0 + (8 + 3 - 12) + -7.
-8
34 - 15 - (6 + 26)
-13
Calculate (18 + -2 - 4) + -28 + 20.
4
19 - 0 - (369 - 340)
-10
Calculate 6 - -1 - (-4 - 26 - (43 + -44)).
36
Evaluate 23 - (3 - (0 + (3 - (-6 + 8)))).
21
Calculate 1 + 4 - ((-133 - -148) + 0 + -1).
-9
What is -1 + (19 - 10) + (-27 - -36)?
17
Evaluate (-1 + 1 + 5 - -2) + (-802 - -830).
35
What is 5 - ((5 - -2) + 2 + -8 - -7)?
-3
Evaluate -17 - (-3 - -17 - (53 - -2)).
24
-6 - (0 + (1 - 1 - 6) + 7)
-7
What is the value of 4 + -11 + 6 + -2 + (-4 - -17)?
10
What is -4 - (1 - (12 - (3 - 2) - -20))?
26
What is 6 - 3 - 3 - (11 - 9 - 10)?
8
What is the value of 40 + -30 + -5 - 37?
-32
7 + (7 - 3) + (-15 - 7)
-11
What is the value of (-5 - 1) + 8 + -8 + (10 - 9)?
-5
Calculate 7 + (16 - (1 + 5)) + -11 - 32.
-26
Calculate (-98 - -86) + (-17 - (-7 + 6)).
-28
What is (-27 - -32 - (0 - 7)) + (-1 - -2)?
13
Evaluate 22 - (26 - (-10 + 21)).
7
Evaluate 1 + -17 + (0 - -9) + (428 - 428).
-7
Calculate (12 - 0) + 26 + -60 + -2.
-24
What is -1 + -12 + -39 + 60?
8
-13 + (-18 + 34 + -14 - 4)
-15
Evaluate 4 + -1 + 0 - (-1 - 7).
11
What is 3 + 16 - (238 + -228)?
9
Calculate -47 + (-24 - -13) - -33.
-25
Calculate 4 - (-10 + 9 - -8).
-3
What is the value of (124 - 148) + 16 + 1?
-7
What is 6 - (-20 - (-14 + -7) - (-3 + 1))?
3
292 + -277 - (23 - -1)
-9
(-162 - -173) + 5 + (-1 - -2)
17
Evaluate 6 + 0 - (2 + -2